-b**3 + b. Determine y(c).
0
Let m(z) = z**3 + 4*z**2 + z + 3. Let k = 19 + -37. Let n be 2/9 + 4/k. Suppose 0 = -h + 4*o + 8, -4*h + o + 2*o - 7 = n. Determine m(h).
-1
Suppose -5*s + 17 + 3 = 2*r, -r - 4*s + 16 = 0. Let k be 0*(r + 0 + -1). Suppose 2*d + 3*d - 15 = k. Let j(i) = -i**3 + i**2 + 5*i - 3. Determine j(d).
-6
Let w(x) = -x**3 + 4 - x**2 - 2 - 4. Let y be 2/(-4)*(4 - 2). Let o be 0/(-1)*1/y. What is w(o)?
-2
Let l(b) = 2 - 10 - b - 1 + 5. What is l(-5)?
1
Suppose m - 4 = 2*c - 3*m, -c + 1 = -3*m. Let g be (36/c)/((-3)/4). Let i(u) = -u + 6. Let x be i(g). Let p(a) = a**2 + a - 7. What is p(x)?
-7
Let g(h) = -h**2 + 3*h + 34. Let i be g(7). Let c(j) = -5*j**2 + j**3 - 7 + 2*j - 7*j + 0. Give c(i).
-1
Suppose 4*q = 2*q + 8. Let u(y) = 2*y - 6. Let l be u(4). Let z(s) = -3*s**2 + 5 + s**3 + 0*s**2 - l*s**2 + 4*s. Give z(q).
5
Let v(i) = i**3 - 9*i**2 + 3. Let m be v(9). Let t(f) = -m*f + 3*f - 6*f - 2 + f - f**2. What is t(-4)?
2
Suppose 0 = -3*b + 4*g - 2*g + 1, -4*g = -16. Let d(a) = -5*a - 3*a + b*a + 3*a - 4. What is d(-3)?
2
Let w(l) be the third derivative of -l**6/120 + l**5/60 + l**4/24 + l**3/3 - l**2. Let j = -15 + -3. Let m be (j/4)/9*0. What is w(m)?
2
Let x(z) = -z + 3. Let d be x(3). Let c(o) = -2*o - o + 2 + d. Suppose -8*m = -3*m + 10. Determine c(m).
8
Let j(v) be the first derivative of -1/2*v**2 + 2 - 3*v. Calculate j(-5).
2
Let l(b) = -4*b + 4. Let c be l(1). Let q(u) be the third derivative of c + 0*u - 1/120*u**6 + 1/24*u**4 + 1/15*u**5 + 2*u**2 - 1/6*u**3. What is q(4)?
3
Let t = 16 + -14. Let b(f) = -2*f + 2*f**t + 1 + 0*f - 4*f**2. Calculate b(2).
-11
Let q(f) = -f**3 + 8*f**2 - 6*f - 5. Let j be q(7). Suppose -g = j - 0. Let w(o) = o + 3*o + 2 - 2*o + 2*o. Give w(g).
-6
Let f(l) = 4*l - 1. Let t be 10/(-16)*2 + 3/12. What is f(t)?
-5
Let w = 8 + -9. Let o(h) = -h. Let z(u) = -2*u + 4. Let n(b) = w*z(b) + 3*o(b). Give n(0).
-4
Let d(j) be the third derivative of -j**2 - 1/24*j**4 + 0*j**3 + 0*j + 0. Let s = -12 + 10. Calculate d(s).
2
Let x(r) = -3*r - 6. Suppose -j - 3*w - 18 = 4*j, w + 26 = -5*j. Calculate x(j).
12
Let h(j) be the second derivative of -1/3*j**3 + 1/3*j**4 + 0 + 4*j - 2*j**2 - 1/20*j**5. What is h(3)?
-1
Let b(t) = -7*t**2 - 9*t. Let m(g) = -13*g**2 - 17*g. Let c(x) = -11*b(x) + 6*m(x). What is c(-4)?
-4
Let r(h) = h - 6. Let y be r(8). Let n(w) be the first derivative of -w**2 - w - 26. Calculate n(y).
-5
Let z = 31 - 31. Let d(o) = o**3 - o**2 - o. Determine d(z).
0
Let d(t) be the first derivative of -t**2/2 + 13*t - 23. What is d(0)?
13
Let z(h) be the second derivative of h**6/360 - h**5/30 - h**4/8 - h**3/2 + 2*h. Let v(x) be the second derivative of z(x). Give v(6).
9
Let z(s) = s + 5. Let q = -2 + -5. Let j(w) = -w - 2. Let i be j(q). Let c(d) = d + 6. Let o(t) = i*c(t) - 6*z(t). Determine o(-5).
5
Let d(p) = 13 - 11 + 0*p**2 + 4*p**2 + p**3. Determine d(-2).
10
Let b(y) = y**3 + y**2 + 2. Let s = -24 - -34. Suppose 5*j - s*j = 0. Determine b(j).
2
Let i(t) be the second derivative of 1/6*t**3 + 0 + 3/2*t**2 + 3*t. Let x(r) = 3*r + 1. Let u be x(1). Calculate i(u).
7
Let a be (28/(-6))/(2/3). Let j = 16 + a. Suppose j*l - 13*l = 0. Let v(i) = -i**2 - 1. Calculate v(l).
-1
Let k = 24 + -20. Let y(z) = -z**2 + 7*z - 5. Give y(k).
7
Let j(h) = 5*h - 6*h - 26*h**3 + 25*h**3. Determine j(0).
0
Suppose -3*d + 4*d - 11 = -4*p, -3*p = -4*d - 32. Suppose -p*q = -3*q - 11. Suppose -w = -3*u - q, -4*w - 2*u - 11 = -w. Let g(r) = 2*r**3 + 1. Give g(w).
-1
Let w be 2/11 - 20/(-11). Let d(x) be the second derivative of 2*x**3/3 - x**2 + x. Determine d(w).
6
Let x(y) = 0*y - 2*y + 7*y - 6 - 4*y. Determine x(6).
0
Let t(n) = 4*n**2 - 25*n - 19. Let r(a) = -a**2 + 8*a + 6. Let h(p) = -7*r(p) - 2*t(p). Give h(-5).
1
Let n(m) = -7*m**3 - 8*m**2 + 3*m - 11. Let w(y) = 2*y**3 + 3*y**2 - y + 4. Let j(f) = -4*n(f) - 11*w(f). Determine j(-1).
-6
Let p(f) = 13 + 4*f - 12 - 3*f. What is p(-2)?
-1
Suppose -7*b - 20 = -3*b. Let k(z) = -4*z**2 + 16*z - 1 - 12*z - 2 - z**3. Give k(b).
2
Let z(m) = -58*m**3 - 3*m + 5*m**2 - 58*m**3 - 5 + 115*m**3. Give z(4).
-1
Let i(v) = -v**2 - 4*v + 3. Let a = 6 + -3. Suppose -2*o + o - 3*t = 9, -t = -a*o - 17. Calculate i(o).
-9
Let m(w) = -w + 1. Let l(p) = -p**2 - 12*p. Let t(d) = l(d) - m(d). Let a be t(-11). Let k(n) = -6*n**2 + 1. Give k(a).
-5
Let x(w) = 3*w**3 - 4*w**2 + w + 2. Let s = -26 + 28. Determine x(s).
12
Let p = -4 - -5. Let h(u) = -u**3. Let s(a) = 6*a**3 - 4*a**2 + 2*a. Let z(c) = p*s(c) + 5*h(c). Give z(4).
8
Let i(y) = -2*y - 9. Let h(k) = 0*k - 6*k + 3*k + 4*k. Let n(r) = 3*h(r) + i(r). Calculate n(4).
-5
Let f(w) be the first derivative of w**4/4 - 7*w**3/3 + 3*w - 15. Determine f(7).
3
Let k(t) = -t**3 + t**2. Let v(g) = -6*g**3 + 11*g**2 - 6*g + 4. Let j(s) = 5*k(s) - v(s). Determine j(5).
1
Let l(v) be the second derivative of v**5/20 + v**4/4 - 5*v**3/6 - 3*v**2/2 - v. Let w(m) = -m**3 + 2*m. Suppose 4*z - 2 = 3*z. Let i be w(z). Give l(i).
1
Let h(j) = j**2 - 6*j - 1. Suppose -2 + 1 = t + 3*g, 2*g + 12 = 5*t. Suppose 5*a + 13 = -t*m + 3, -31 = -3*m + 4*a. What is h(m)?
-6
Let l(c) = -157*c**3 - 1 + 156*c**3 - 5*c**2 + 2*c**2 - 2*c. Determine l(-1).
-1
Let k(a) = a + 1. Let b(f) = -f - 6. Let r(n) = b(n) - 2*k(n). Determine r(-6).
10
Let f(a) be the second derivative of a**5/20 - 5*a**4/12 + a**3/2 + a**2 - 11*a. Calculate f(4).
-2
Let q = -9 + 20. Let i(d) = -2*d - 6 - 2*d + q - 3. Calculate i(2).
-6
Let y = -4 - -9. Let m(i) = -i**2. Let h(b) = 5*b**2 - b - 7. Let l(w) = -h(w) - 4*m(w). Give l(y).
-13
Let a(l) = -2*l - 7. Let n(o) = 3 - 3*o + 0 - 14. Let u(b) = -7*a(b) + 5*n(b). Calculate u(-6).
0
Let w(y) be the third derivative of -y**5/60 + y**4/24 - y**3/2 - 9*y**2. What is w(0)?
-3
Suppose 4*r + 16 = 3*i - 9, -5*i = 25. Let u be 4/10 + (-46)/r. Let v(q) = 0*q + q + 0*q - 2. Give v(u).
3
Let u be (-2 + -2)*2/(-8). Let l(o) be the first derivative of -5*o + 5/3*o**3 + u + 3/2*o**2 + 1/4*o**4. Give l(-4).
-1
Suppose -b + 4*b = 6. Let p(y) be the first derivative of y**4/4 - y**2/2 - 2*y + 98. Calculate p(b).
4
Let k = 2 - 2. Let n(v) be the third derivative of 0 + 1/24*v**4 + 0*v - 2*v**2 - 7/6*v**3. What is n(k)?
-7
Suppose 0 = -0*g + 5*g - 10. Let j = 20 + -9. Suppose -u - g = -x + 3, 4*u - x = -j. Let k(f) = 6*f + 3. Give k(u).
-9
Suppose 0 = -3*v - 3*g + 6, -4*v + 16 = -0*g - 4*g. Let i(z) = -2*z - 1. Determine i(v).
-7
Let w(i) = -i - 2. Let d be w(-4). Let f(q) be the third derivative of q**4/12 + q**3/3 + q**2. Calculate f(d).
6
Let z(i) = 0*i - 2 + 4*i + 5*i**3 + 3*i - 4 - 6*i**2. Let w(a) = -9*a**3 + 12*a**2 - 14*a + 12. Let l(o) = 4*w(o) + 7*z(o). What is l(5)?
-4
Let p(h) be the third derivative of h**6/360 - h**5/60 - h**4/12 + 2*h**3/3 - 4*h**2. Let t(i) be the first derivative of p(i). Determine t(-2).
6
Let u(g) = 1 + g + 11*g**2 - 3*g**3 - 30*g**2 + 4*g**3 + 20*g**2. Calculate u(-3).
-20
Let f(s) be the third derivative of s**6/120 - s**4/24 - s**3 + 7*s**2. Determine f(0).
-6
Suppose 3*h - 4*a + 2*a - 15 = 0, -3*h - 4*a = -15. Let j(m) = -2*m**2 + 8*m - 4. Give j(h).
-14
Let w(t) = 2*t**3 - t**2 - t - 1. Let m be w(-1). Let i(l) be the second derivative of -l**5/20 - l**4/4 + l**3/6 - 3*l**2/2 + 9*l. Determine i(m).
-6
Let r(y) = -y**3 + y**2 + 1. Let l(v) = -v**3 - 10*v**2 - 10*v - 9. Let u be l(-9). Let a be r(u). Let p(x) = 0*x + a + 1 + 5*x - x**3 - x**2. What is p(-3)?
5
Let c(r) = r**2 - 3*r - 2. Suppose -4*d - 1 = -17. Let g = -4 + d. Suppose 0 = -2*s + 2*o + 7 - 1, g = -s - 3*o + 7. Give c(s).
2
Let d = -115 - -109. Let s(c) = -c**2 - 4*c + 3. Determine s(d).
-9
Let o(b) = 4*b + b**2 - 2*b + b. Let g(u) = -u**2 - 8*u - 3. Let y be g(-8). Let c = y - -1. Calculate o(c).
-2
Let c be 4 - (-2 - -20)/2. Let p(s) = -s + 1. Calculate p(c).
6
Let f(g) = -9*g**2 - 6*g + 1. Let p(t) = -4*t**2 - 3*t. Let o(s) = -2*f(s) + 5*p(s). Give o(-2).
-4
Suppose 3*w + 9 = 16*r - 15*r, -5*w = 5*r + 35. Let g(m) = m + 1. Let c(b) = -2*b + 7*b + 8 + 2*b. Let y(a) = c(a) - 4*g(a). Determine y(r).
-5
Let c(u) be the second derivative of u**3/6 + 5*u**2/2 - 12*u. Calculate c(-3).
2
Let u(j) = -j + 8. Suppose 6*k - 5 = 5*k. Determine u(k).
3
Let n(m) be the second derivative of -m**4/12 - m**3/2 - 8*m. What is n(-3)?
0
Let u(j) = 2*j - 3. Let x 